{"id":7421,"date":"2019-04-24T12:52:16","date_gmt":"2019-04-24T12:52:16","guid":{"rendered":"https:\/\/www.ekko-wp.com\/demo-content\/?page_id=7421"},"modified":"2025-12-02T22:13:10","modified_gmt":"2025-12-02T22:13:10","slug":"inicio","status":"publish","type":"page","link":"https:\/\/dpstech.com.pe\/2025\/","title":{"rendered":"Inicio"},"content":{"rendered":"<div class=\"wpb-content-wrapper\"><p>[vc_row el_class=&#8221;under-menu-topbar&#8221;][vc_column][rev_slider_vc alias=&#8221;corporate-slider&#8221;][\/vc_column][\/vc_row][vc_row full_width=&#8221;stretch_row&#8221; css=&#8221;.vc_custom_1737934465418{padding-top: 100px !important;padding-bottom: 100px !important;background-color: #F6F6F6 !important;}&#8221;][vc_column][vc_row_inner content_placement=&#8221;middle&#8221;][vc_column_inner css=&#8221;.vc_custom_1541419127566{padding-right: 45px !important;padding-left: 0px !important;}&#8221; offset=&#8221;vc_col-lg-6&#8243;]<header class=\"kd-section-title col-lg-12 text-left     vc_custom_1737944420076\" ><h1 class=\"separator_off\" >GeneXus es la soluci\u00f3n usada por empresas organizaciones, casas de software y gobiernos en todas partes del mundo.<\/h1><p class=\"subtitle \" style=\"color: #595959;\">Su enfoque de desarrollo basado en el conocimiento de los negocios la convierte en la herramienta m\u00e1s \u00e1gil y productiva para cualquier proyecto de software. GeneXus cuenta con el soporte de plataformas m\u00e1s amplio del mercado: desde aplicaciones Legacy, aplicaciones web o de escritorio hasta aplicaciones m\u00f3viles nativas modernas. No hay otra plataforma de desarrollo de aplicaciones empresariales que genere c\u00f3digo para tantos lenguajes, bases de datos y sistemas.<\/p><\/header>[\/vc_column_inner][vc_column_inner offset=&#8221;vc_col-lg-offset-0 vc_col-lg-6 vc_col-md-offset-1 vc_col-sm-offset-1&#8243; css=&#8221;.vc_custom_1737863603351{padding-right: 40px !important;padding-left: 40px !important;}&#8221;][vc_single_image image=&#8221;7550&#8243; img_size=&#8221;full&#8221; alignment=&#8221;center&#8221; css_animation=&#8221;fadeIn&#8221; css=&#8221;&#8221;][\/vc_column_inner][\/vc_row_inner][\/vc_column][\/vc_row][vc_row full_width=&#8221;stretch_row&#8221; css=&#8221;.vc_custom_1737934478837{padding-top: 130px !important;padding-bottom: 130px !important;background-color: #FFFFFF !important;}&#8221;][vc_column css=&#8221;.vc_custom_1516008777154{padding-right: 0px !important;padding-left: 0px !important;}&#8221;][vc_row_inner][vc_column_inner]<header class=\"kd-section-title vc_col-lg-6 vc_col-sm-8 text-left  kd-animated fadeIn   vc_custom_1737864646272\" data-animation-delay=200><h1 class=\"separator_off\" >\u00bfPor qu\u00e9 GeneXus?<\/h1><\/header>[\/vc_column_inner][\/vc_row_inner][vc_row_inner css=&#8221;.vc_custom_1550594307550{padding-bottom: 60px !important;}&#8221;][vc_column_inner width=&#8221;1\/4&#8243;]<div class=\"key-icon-box icon-default icon-top cont-left ib-hover-1  kd-animated fadeInUp\" style=\"background-color: #F6F6F6;\" ><div class=\"ib-wrapper\"><i class=\"iconsmind-Thunder iconsmind-Weather\" style=\" \"><\/i> <h4 class=\"service-heading\" >Agilidad<\/h4><p >Desarrollo de software \u00e1gil y productivo<\/p><\/div><\/div>[\/vc_column_inner][vc_column_inner width=&#8221;1\/4&#8243;]<div class=\"key-icon-box icon-default icon-top cont-left ib-hover-1  kd-animated fadeInUp\" style=\"background-color: #F6F6F6;\" data-animation-delay=200><div class=\"ib-wrapper\"><i class=\"iconsmind-Arrow-Shuffle iconsmind-Arrow-View\" style=\" \"><\/i> <h4 class=\"service-heading\" >Flexibilidad<\/h4><p >La plataforma m\u00e1s flexible y adaptable<\/p><\/div><\/div>[\/vc_column_inner][vc_column_inner width=&#8221;1\/4&#8243;]<div class=\"key-icon-box icon-default icon-top cont-left ib-hover-1  kd-animated fadeInUp\" style=\"background-color: #F6F6F6;\" data-animation-delay=400><div class=\"ib-wrapper\"><i class=\"iconsmind-Arrow-Refresh2 iconsmind-Arrows\" style=\" \"><\/i> <h5 class=\"service-heading\" >Escalabilidad<\/h5><p >La \u00fanica plataforma resistente al cambio<\/p><\/div><\/div>[\/vc_column_inner][vc_column_inner width=&#8221;1\/4&#8243;]<div class=\"key-icon-box icon-default icon-top cont-left ib-hover-1  kd-animated fadeInUp\" style=\"background-color: #F6F6F6;\" data-animation-delay=600><div class=\"ib-wrapper\"><i class=\"iconsmind-Time-Window iconsmind-Windows-Class\" style=\" \"><\/i> <h5 class=\"service-heading\" >Trayectoria<\/h5><p >24 a\u00f1os junto a nuestros usuarios<\/p><\/div><\/div>[\/vc_column_inner][\/vc_row_inner][\/vc_column][\/vc_row][vc_row full_width=&#8221;stretch_row&#8221; css=&#8221;.vc_custom_1737865541600{padding-top: 130px !important;padding-bottom: 130px !important;background-color: #F6F6F6 !important;}&#8221;][vc_column css=&#8221;.vc_custom_1737865625750{padding-right: 40px !important;padding-left: 40px !important;}&#8221;][vc_row_inner content_placement=&#8221;middle&#8221;][vc_column_inner css=&#8221;.vc_custom_1541419127566{padding-right: 45px !important;padding-left: 0px !important;}&#8221; offset=&#8221;vc_col-lg-6&#8243;]<header class=\"kd-section-title col-lg-12 text-right  kd-animated fadeIn   vc_custom_1737934554172\" data-animation-delay=200><h1 class=\"separator_off\" >Comience a crear sus aplicaciones<\/h1><p class=\"subtitle \" >O mejor a\u00fan, escr\u00edbanos y solicite una demo personalizada.<\/p><\/header><a  href=\"https:\/\/training.genexus.com\/en\/download-genexus-trial\"  target=\"_blank\"  title=\"\" class=\"tt_button tt_primary_button btn_primary_color  pull-right button-action-link   sidePanel\" ><span class=\"prim_text\">Descargar gratis<\/span><\/a>[\/vc_column_inner][vc_column_inner offset=&#8221;vc_col-lg-offset-0 vc_col-lg-6 vc_col-md-offset-1 vc_col-sm-offset-1&#8243; css=&#8221;.vc_custom_1737863603351{padding-right: 40px !important;padding-left: 40px !important;}&#8221;][vc_single_image image=&#8221;7871&#8243; img_size=&#8221;full&#8221; alignment=&#8221;center&#8221; css_animation=&#8221;fadeIn&#8221; css=&#8221;&#8221;][\/vc_column_inner][\/vc_row_inner][\/vc_column][\/vc_row][vc_row css=&#8221;.vc_custom_1737865991720{padding-top: 130px !important;padding-bottom: 130px !important;}&#8221;][vc_column]<header class=\"kd-section-title col-lg-12 text-center  kd-animated fadeIn  \" data-animation-delay=200><h1 class=\"separator_off\" >Clientes que utilizan<br \/>\nGeneXus en Per\u00fa<\/h1><\/header>[vc_media_grid element_width=&#8221;2&#8243; gap=&#8221;15&#8243; css=&#8221;.vc_custom_1737867386864{margin-bottom: 0px !important;}&#8221; grid_id=&#8221;vc_gid:1764713364242-3ed788ad-1bb1-7&#8243; include=&#8221;7523,7524,7525,7526,7527,7528,7529,7530,7531,7532,7533,7534,7535,7536,7537,7538,7539,7540,7541,7542,7543&#8243;][\/vc_column][\/vc_row]<\/p>\n<\/div>","protected":false},"excerpt":{"rendered":"<p>[vc_row el_class=&#8221;under-menu-topbar&#8221;][vc_column][rev_slider_vc alias=&#8221;corporate-slider&#8221;][\/vc_column][\/vc_row][vc_row full_width=&#8221;stretch_row&#8221; css=&#8221;.vc_custom_1737934465418{padding-top: 100px !important;padding-bottom: 100px !important;background-color: #F6F6F6 !important;}&#8221;][vc_column][vc_row_inner content_placement=&#8221;middle&#8221;][vc_column_inner css=&#8221;.vc_custom_1541419127566{padding-right: 45px !important;padding-left: 0px !important;}&#8221; offset=&#8221;vc_col-lg-6&#8243;][\/vc_column_inner][vc_column_inner offset=&#8221;vc_col-lg-offset-0 vc_col-lg-6 [&hellip;]<\/p>\n","protected":false},"author":2,"featured_media":0,"parent":0,"menu_order":0,"comment_status":"closed","ping_status":"closed","template":"","meta":{"footnotes":""},"class_list":["post-7421","page","type-page","status-publish","hentry"],"yoast_head":"<!-- This site is optimized with the Yoast SEO plugin v27.1.1 - https:\/\/yoast.com\/product\/yoast-seo-wordpress\/ -->\n<title>Inicio - DPSTech<\/title>\n<meta name=\"robots\" content=\"index, follow, max-snippet:-1, max-image-preview:large, max-video-preview:-1\" \/>\n<link rel=\"canonical\" href=\"https:\/\/dpstech.com.pe\/2025\/\" \/>\n<meta property=\"og:locale\" content=\"es_ES\" \/>\n<meta property=\"og:type\" content=\"article\" \/>\n<meta property=\"og:title\" content=\"Inicio - DPSTech\" \/>\n<meta property=\"og:description\" content=\"[vc_row el_class=&#8221;under-menu-topbar&#8221;][vc_column][rev_slider_vc alias=&#8221;corporate-slider&#8221;][\/vc_column][\/vc_row][vc_row full_width=&#8221;stretch_row&#8221; css=&#8221;.vc_custom_1737934465418{padding-top: 100px !important;padding-bottom: 100px !important;background-color: #F6F6F6 !important;}&#8221;][vc_column][vc_row_inner content_placement=&#8221;middle&#8221;][vc_column_inner css=&#8221;.vc_custom_1541419127566{padding-right: 45px !important;padding-left: 0px !important;}&#8221; offset=&#8221;vc_col-lg-6&#8243;][\/vc_column_inner][vc_column_inner offset=&#8221;vc_col-lg-offset-0 vc_col-lg-6 [&hellip;]\" \/>\n<meta property=\"og:url\" content=\"https:\/\/dpstech.com.pe\/2025\/\" \/>\n<meta property=\"og:site_name\" content=\"DPSTech\" \/>\n<meta property=\"article:modified_time\" content=\"2025-12-02T22:13:10+00:00\" \/>\n<meta property=\"og:image\" content=\"https:\/\/dpstech.com.pe\/2025\/wp-content\/uploads\/2025\/01\/logo-dpstech-1.png\" \/>\n\t<meta property=\"og:image:width\" content=\"1000\" \/>\n\t<meta property=\"og:image:height\" content=\"160\" \/>\n\t<meta property=\"og:image:type\" content=\"image\/png\" \/>\n<meta name=\"twitter:card\" content=\"summary_large_image\" \/>\n<meta name=\"twitter:label1\" content=\"Tiempo de lectura\" \/>\n\t<meta name=\"twitter:data1\" content=\"3 minutos\" \/>\n<script type=\"application\/ld+json\" class=\"yoast-schema-graph\">{\"@context\":\"https:\/\/schema.org\",\"@graph\":[{\"@type\":\"WebPage\",\"@id\":\"https:\/\/dpstech.com.pe\/2025\/\",\"url\":\"https:\/\/dpstech.com.pe\/2025\/\",\"name\":\"Inicio - DPSTech\",\"isPartOf\":{\"@id\":\"https:\/\/dpstech.com.pe\/2025\/#website\"},\"datePublished\":\"2019-04-24T12:52:16+00:00\",\"dateModified\":\"2025-12-02T22:13:10+00:00\",\"breadcrumb\":{\"@id\":\"https:\/\/dpstech.com.pe\/2025\/#breadcrumb\"},\"inLanguage\":\"es\",\"potentialAction\":[{\"@type\":\"ReadAction\",\"target\":[\"https:\/\/dpstech.com.pe\/2025\/\"]}]},{\"@type\":\"BreadcrumbList\",\"@id\":\"https:\/\/dpstech.com.pe\/2025\/#breadcrumb\",\"itemListElement\":[{\"@type\":\"ListItem\",\"position\":1,\"name\":\"Home\",\"item\":\"https:\/\/dpstech.com.pe\/2025\/\"},{\"@type\":\"ListItem\",\"position\":2,\"name\":\"Inicio\"}]},{\"@type\":\"WebSite\",\"@id\":\"https:\/\/dpstech.com.pe\/2025\/#website\",\"url\":\"https:\/\/dpstech.com.pe\/2025\/\",\"name\":\"DPSTech\",\"description\":\"\",\"publisher\":{\"@id\":\"https:\/\/dpstech.com.pe\/2025\/#organization\"},\"potentialAction\":[{\"@type\":\"SearchAction\",\"target\":{\"@type\":\"EntryPoint\",\"urlTemplate\":\"https:\/\/dpstech.com.pe\/2025\/?s={search_term_string}\"},\"query-input\":{\"@type\":\"PropertyValueSpecification\",\"valueRequired\":true,\"valueName\":\"search_term_string\"}}],\"inLanguage\":\"es\"},{\"@type\":\"Organization\",\"@id\":\"https:\/\/dpstech.com.pe\/2025\/#organization\",\"name\":\"DPSTech\",\"url\":\"https:\/\/dpstech.com.pe\/2025\/\",\"logo\":{\"@type\":\"ImageObject\",\"inLanguage\":\"es\",\"@id\":\"https:\/\/dpstech.com.pe\/2025\/#\/schema\/logo\/image\/\",\"url\":\"https:\/\/dpstech.com.pe\/2025\/wp-content\/uploads\/2025\/01\/logo-dpstech-1.png\",\"contentUrl\":\"https:\/\/dpstech.com.pe\/2025\/wp-content\/uploads\/2025\/01\/logo-dpstech-1.png\",\"width\":1000,\"height\":160,\"caption\":\"DPSTech\"},\"image\":{\"@id\":\"https:\/\/dpstech.com.pe\/2025\/#\/schema\/logo\/image\/\"}}]}<\/script>\n<!-- \/ Yoast SEO plugin. -->","yoast_head_json":{"title":"Inicio - DPSTech","robots":{"index":"index","follow":"follow","max-snippet":"max-snippet:-1","max-image-preview":"max-image-preview:large","max-video-preview":"max-video-preview:-1"},"canonical":"https:\/\/dpstech.com.pe\/2025\/","og_locale":"es_ES","og_type":"article","og_title":"Inicio - DPSTech","og_description":"[vc_row el_class=&#8221;under-menu-topbar&#8221;][vc_column][rev_slider_vc alias=&#8221;corporate-slider&#8221;][\/vc_column][\/vc_row][vc_row full_width=&#8221;stretch_row&#8221; css=&#8221;.vc_custom_1737934465418{padding-top: 100px !important;padding-bottom: 100px !important;background-color: #F6F6F6 !important;}&#8221;][vc_column][vc_row_inner content_placement=&#8221;middle&#8221;][vc_column_inner css=&#8221;.vc_custom_1541419127566{padding-right: 45px !important;padding-left: 0px !important;}&#8221; offset=&#8221;vc_col-lg-6&#8243;][\/vc_column_inner][vc_column_inner offset=&#8221;vc_col-lg-offset-0 vc_col-lg-6 [&hellip;]","og_url":"https:\/\/dpstech.com.pe\/2025\/","og_site_name":"DPSTech","article_modified_time":"2025-12-02T22:13:10+00:00","og_image":[{"width":1000,"height":160,"url":"https:\/\/dpstech.com.pe\/2025\/wp-content\/uploads\/2025\/01\/logo-dpstech-1.png","type":"image\/png"}],"twitter_card":"summary_large_image","twitter_misc":{"Tiempo de lectura":"3 minutos"},"schema":{"@context":"https:\/\/schema.org","@graph":[{"@type":"WebPage","@id":"https:\/\/dpstech.com.pe\/2025\/","url":"https:\/\/dpstech.com.pe\/2025\/","name":"Inicio - DPSTech","isPartOf":{"@id":"https:\/\/dpstech.com.pe\/2025\/#website"},"datePublished":"2019-04-24T12:52:16+00:00","dateModified":"2025-12-02T22:13:10+00:00","breadcrumb":{"@id":"https:\/\/dpstech.com.pe\/2025\/#breadcrumb"},"inLanguage":"es","potentialAction":[{"@type":"ReadAction","target":["https:\/\/dpstech.com.pe\/2025\/"]}]},{"@type":"BreadcrumbList","@id":"https:\/\/dpstech.com.pe\/2025\/#breadcrumb","itemListElement":[{"@type":"ListItem","position":1,"name":"Home","item":"https:\/\/dpstech.com.pe\/2025\/"},{"@type":"ListItem","position":2,"name":"Inicio"}]},{"@type":"WebSite","@id":"https:\/\/dpstech.com.pe\/2025\/#website","url":"https:\/\/dpstech.com.pe\/2025\/","name":"DPSTech","description":"","publisher":{"@id":"https:\/\/dpstech.com.pe\/2025\/#organization"},"potentialAction":[{"@type":"SearchAction","target":{"@type":"EntryPoint","urlTemplate":"https:\/\/dpstech.com.pe\/2025\/?s={search_term_string}"},"query-input":{"@type":"PropertyValueSpecification","valueRequired":true,"valueName":"search_term_string"}}],"inLanguage":"es"},{"@type":"Organization","@id":"https:\/\/dpstech.com.pe\/2025\/#organization","name":"DPSTech","url":"https:\/\/dpstech.com.pe\/2025\/","logo":{"@type":"ImageObject","inLanguage":"es","@id":"https:\/\/dpstech.com.pe\/2025\/#\/schema\/logo\/image\/","url":"https:\/\/dpstech.com.pe\/2025\/wp-content\/uploads\/2025\/01\/logo-dpstech-1.png","contentUrl":"https:\/\/dpstech.com.pe\/2025\/wp-content\/uploads\/2025\/01\/logo-dpstech-1.png","width":1000,"height":160,"caption":"DPSTech"},"image":{"@id":"https:\/\/dpstech.com.pe\/2025\/#\/schema\/logo\/image\/"}}]}},"_links":{"self":[{"href":"https:\/\/dpstech.com.pe\/2025\/wp-json\/wp\/v2\/pages\/7421","targetHints":{"allow":["GET"]}}],"collection":[{"href":"https:\/\/dpstech.com.pe\/2025\/wp-json\/wp\/v2\/pages"}],"about":[{"href":"https:\/\/dpstech.com.pe\/2025\/wp-json\/wp\/v2\/types\/page"}],"author":[{"embeddable":true,"href":"https:\/\/dpstech.com.pe\/2025\/wp-json\/wp\/v2\/users\/2"}],"replies":[{"embeddable":true,"href":"https:\/\/dpstech.com.pe\/2025\/wp-json\/wp\/v2\/comments?post=7421"}],"version-history":[{"count":17,"href":"https:\/\/dpstech.com.pe\/2025\/wp-json\/wp\/v2\/pages\/7421\/revisions"}],"predecessor-version":[{"id":8035,"href":"https:\/\/dpstech.com.pe\/2025\/wp-json\/wp\/v2\/pages\/7421\/revisions\/8035"}],"wp:attachment":[{"href":"https:\/\/dpstech.com.pe\/2025\/wp-json\/wp\/v2\/media?parent=7421"}],"curies":[{"name":"wp","href":"https:\/\/api.w.org\/{rel}","templated":true}]}}